{"id":186,"date":"2024-03-15T11:04:36","date_gmt":"2024-03-15T10:04:36","guid":{"rendered":"https:\/\/samysedkaoui.com\/?page_id=186"},"modified":"2026-04-22T12:16:24","modified_gmt":"2026-04-22T10:16:24","slug":"about","status":"publish","type":"page","link":"https:\/\/samysedkaoui.com\/?page_id=186","title":{"rendered":"About."},"content":{"rendered":"\t\t<div class='wp-block-psb-parallax  alignfull' id='psbParallaxSection-b10d6758-3'>\r\n\t\t\t<style>\r\n\t\t\t\t\r\n\t\t\t#psbParallaxSection-b10d6758-3{\r\n\t\t\t\tmin-height: 300px;\r\n\t\t\t}\r\n\t\t\t#psbParallaxSection-b10d6758-3 .psbParallaxSection{\r\n\t\t\t\tjustify-content: flex-start;\r\n\t\t\t\ttext-align: center;\r\n\t\t\t\tmin-height: 300px;\r\n\t\t\t\tpadding: 20px 30px;\r\n\t\t\t}\r\n\t\t\t#psbParallaxSection-b10d6758-3 .psbParallaxImg{\r\n\t\t\t\tbackground: url(https:\/\/samysedkaoui.com\/wp-content\/uploads\/2024\/03\/000016720001-copie.jpg); background-color: rgba(0, 0, 0, 0.72); background-position: bottom center; background-size: cover; background-repeat: no-repeat; background-attachment: initial; background-blend-mode: overlay;\r\n\t\t\t}\r\n\t\t\t\t\t<\/style>\r\n\r\n\t\t\t<div class='psbParallaxImg' data-speed='-0.61'><\/div>\r\n\r\n\t\t\t<div class='psbParallaxSection'>\r\n\t\t\t\t\n\n<div style=\"height:18px\" aria-hidden=\"true\" class=\"wp-block-spacer\"><\/div>\n\n\n\n<div class=\"wp-block-columns is-layout-flex wp-container-core-columns-is-layout-28f84493 wp-block-columns-is-layout-flex\">\n<div class=\"wp-block-column is-layout-flow wp-block-column-is-layout-flow\" style=\"flex-basis:25%\">\n<figure class=\"wp-block-image aligncenter size-full is-resized has-custom-border is-style-default wp-duotone-unset-1\"><a href=\"https:\/\/samysedkaoui.com\/\"><img fetchpriority=\"high\" decoding=\"async\" width=\"1400\" height=\"787\" src=\"https:\/\/samysedkaoui.com\/wp-content\/uploads\/2026\/04\/NEW_Logo_WHITE-1.gif\" alt=\"\" class=\"wp-image-2535\" style=\"border-style:none;border-width:0px;border-radius:0px;aspect-ratio:1.68636318946023;object-fit:cover;width:255px;height:auto\" \/><\/a><\/figure>\n<\/div>\n\n\n\n<div class=\"wp-block-column is-layout-flow wp-block-column-is-layout-flow\" style=\"flex-basis:50%\"><nav class=\"has-text-color has-base-color items-justified-center wp-block-navigation is-horizontal is-content-justification-center is-layout-flex wp-container-core-navigation-is-layout-e0510de6 wp-block-navigation-is-layout-flex\" aria-label=\"Navigation\"><ul class=\"wp-block-navigation__container has-text-color has-base-color items-justified-center wp-block-navigation\"><li style=\"font-style:normal;font-weight:700\" class=\" wp-block-navigation-item wp-block-navigation-link has-medium-font-size has-oldport-script-font-family\"><a class=\"wp-block-navigation-item__content\" href=\"https:\/\/samysedkaoui.com\/\"><span class=\"wp-block-navigation-item__label\">Home<\/span><\/a><\/li><li style=\"font-style:normal;font-weight:600\" class=\" wp-block-navigation-item wp-block-navigation-link has-medium-font-size has-heading-font-family\"><a class=\"wp-block-navigation-item__content\" href=\"https:\/\/samysedkaoui.com\/?page_id=182\"><span class=\"wp-block-navigation-item__label\">Videos<\/span><\/a><\/li><li style=\"font-style:normal;font-weight:600\" class=\" wp-block-navigation-item wp-block-navigation-link has-medium-font-size has-heading-font-family\"><a class=\"wp-block-navigation-item__content\" href=\"https:\/\/samysedkaoui.com\/?page_id=178\"><span class=\"wp-block-navigation-item__label\">Gallery<\/span><\/a><\/li><li style=\"font-style:normal;font-weight:600\" class=\" wp-block-navigation-item wp-block-navigation-link has-medium-font-size has-heading-font-family\"><a class=\"wp-block-navigation-item__content\" href=\"https:\/\/samysedkaoui.com\/?page_id=186\"><span class=\"wp-block-navigation-item__label\">About<\/span><\/a><\/li><\/ul><\/nav>\n\n\n<div style=\"height:75px;width:0px\" aria-hidden=\"true\" class=\"wp-block-spacer\"><\/div>\n\n\n\n<h2 class=\"wp-block-heading has-text-align-center has-base-color has-text-color has-link-color wp-elements-0821f753606d20ae703cfa3aab61686d\">About.<\/h2>\n\n\n\n<div style=\"height:55px;width:0px\" aria-hidden=\"true\" class=\"wp-block-spacer\"><\/div>\n<\/div>\n<\/div>\n\n\t\t\t<\/div>\r\n\t\t<\/div>\r\n\r\n\t\t\n\n\n<div class=\"wp-block-cover alignfull\" style=\"min-height:217px;aspect-ratio:unset;\"><img decoding=\"async\" width=\"1024\" height=\"990\" class=\"wp-block-cover__image-background wp-image-43 size-large\" alt=\"\" src=\"https:\/\/samysedkaoui.com\/wp-content\/uploads\/2024\/03\/000016720010-e1712666359835-1024x990.jpg\" data-object-fit=\"cover\" srcset=\"https:\/\/samysedkaoui.com\/wp-content\/uploads\/2024\/03\/000016720010-e1712666359835-1024x990.jpg 1024w, https:\/\/samysedkaoui.com\/wp-content\/uploads\/2024\/03\/000016720010-e1712666359835-300x290.jpg 300w, https:\/\/samysedkaoui.com\/wp-content\/uploads\/2024\/03\/000016720010-e1712666359835-768x742.jpg 768w, https:\/\/samysedkaoui.com\/wp-content\/uploads\/2024\/03\/000016720010-e1712666359835-1536x1484.jpg 1536w, https:\/\/samysedkaoui.com\/wp-content\/uploads\/2024\/03\/000016720010-e1712666359835-2048x1979.jpg 2048w\" sizes=\"(max-width: 1024px) 100vw, 1024px\" \/><span aria-hidden=\"true\" class=\"wp-block-cover__background has-contrast-background-color has-background-dim-60 has-background-dim\"><\/span><div class=\"wp-block-cover__inner-container has-global-padding is-layout-constrained wp-block-cover-is-layout-constrained\">\n<div style=\"height:70px\" aria-hidden=\"true\" class=\"wp-block-spacer\"><\/div>\n\n\n\n<h4 class=\"wp-block-heading alignwide has-text-align-center\" style=\"border-style:none;border-width:0px;font-style:normal;font-weight:300\"><strong>Un projet photographique ou audiovisuel ?<\/strong><\/h4>\n\n\n\n<div style=\"height:55px\" aria-hidden=\"true\" class=\"wp-block-spacer\"><\/div>\n\n\n\n<div class=\"wp-block-media-text alignwide has-media-on-the-right is-stacked-on-mobile\" style=\"border-style:none;border-width:0px;border-top-left-radius:0px;border-top-right-radius:0px;border-bottom-left-radius:0px;border-bottom-right-radius:0px;grid-template-columns:auto 27%\"><div class=\"wp-block-media-text__content\">\n<p class=\"has-jovelyn-font-family\">Hey ! Je me pr\u00e9sente en quelques mots&nbsp;: je m&rsquo;appelle Samy Sedkaoui et je suis <strong>vid\u00e9aste<\/strong>, <strong>photographe<\/strong> et <strong>r\u00e9alisateur<\/strong> <strong>freelance<\/strong> passionn\u00e9 depuis 2018.<\/p>\n\n\n\n<p class=\"has-jovelyn-font-family\">Dipl\u00f4m\u00e9 d&rsquo;une <strong>licence Arts du spectacle<\/strong> ainsi que d\u2019un <strong>Master en Direction Artistique<\/strong>, je r\u00e9alise des projets <strong>vid\u00e9os<\/strong>, <strong>lives<\/strong> et <strong>photos<\/strong> pour tout type d\u2019entreprise ou personne souhaitant communiquer via ces m\u00e9diums.<\/p>\n\n\n\n<p class=\"has-jovelyn-font-family\">Riche d\u2019une exp\u00e9rience professionnel dans le domaine \u00e9ducatif (OMNES Education), je travaille au quotidien avec des ing\u00e9nieurs p\u00e9dagogiques afin de produire des vid\u00e9os hyper qualitatives pour les apprenants du groupe. Aussi, je suis capable de vous fournir des images pour tout type de production audiovisuelle !<\/p>\n\n\n\n<p class=\"has-jovelyn-font-family\">De la retransmission en live, du reportage photo \u00e0 la production de vid\u00e9os, voici quelques exemples de services que je pourrais fournir :<\/p>\n\n\n\n<ul class=\"wp-block-list\">\n<li class=\"has-jovelyn-font-family\">Film d&rsquo;entreprise<\/li>\n\n\n\n<li class=\"has-jovelyn-font-family\">Interviews<\/li>\n\n\n\n<li class=\"has-jovelyn-font-family\">Captations \u00e9v\u00e8nementielle en live avec assets<\/li>\n\n\n\n<li class=\"has-jovelyn-font-family\">Immobilier<\/li>\n\n\n\n<li class=\"has-jovelyn-font-family\">Backstages<\/li>\n\n\n\n<li class=\"has-jovelyn-font-family\">Clip publicitaire<\/li>\n\n\n\n<li class=\"has-jovelyn-font-family\">Photos d&rsquo;entreprise<\/li>\n\n\n\n<li class=\"has-jovelyn-font-family\">Shooting de produits<\/li>\n\n\n\n<li class=\"has-jovelyn-font-family\">Photos animali\u00e8res<\/li>\n<\/ul>\n\n\n\n<p class=\"has-jovelyn-font-family\">Je suis \u00e9galement sp\u00e9cialis\u00e9 dans la prise de vue <strong>argentique<\/strong> (photo &amp; vid\u00e9o) ! Je propose du contenu photographi\u00e9 en <strong>Plein format<\/strong> et\/ou <strong>Moyen format<\/strong> et film\u00e9 en pellicule <strong>Super 8mm<\/strong> !<br><\/p>\n\n\n\n<p class=\"has-jovelyn-font-family\">N\u2019h\u00e9sitez pas \u00e0 me contacter pour toute question ou demande devis !<\/p>\n<\/div><figure class=\"wp-block-media-text__media\"><img decoding=\"async\" width=\"1024\" height=\"768\" src=\"https:\/\/samysedkaoui.com\/wp-content\/uploads\/2025\/02\/0032_5-01-1024x768.jpeg\" alt=\"Samy Sedkaoui\" class=\"wp-image-1522 size-large\" srcset=\"https:\/\/samysedkaoui.com\/wp-content\/uploads\/2025\/02\/0032_5-01-1024x768.jpeg 1024w, https:\/\/samysedkaoui.com\/wp-content\/uploads\/2025\/02\/0032_5-01-300x225.jpeg 300w, https:\/\/samysedkaoui.com\/wp-content\/uploads\/2025\/02\/0032_5-01-768x576.jpeg 768w, https:\/\/samysedkaoui.com\/wp-content\/uploads\/2025\/02\/0032_5-01-1536x1152.jpeg 1536w, https:\/\/samysedkaoui.com\/wp-content\/uploads\/2025\/02\/0032_5-01-2048x1536.jpeg 2048w\" sizes=\"(max-width: 1024px) 100vw, 1024px\" \/><\/figure><\/div>\n\n\n\n<div style=\"height:22px\" aria-hidden=\"true\" class=\"wp-block-spacer\"><\/div>\n\n\n\n<div style=\"height:20px\" aria-hidden=\"true\" class=\"wp-block-spacer\"><\/div>\n\n\n\n<div style=\"height:35px\" aria-hidden=\"true\" class=\"wp-block-spacer\"><\/div>\n\n\n\n<div style=\"height:35px\" aria-hidden=\"true\" class=\"wp-block-spacer\"><\/div>\n<\/div><\/div>\n\n\n\t\t<div class='wp-block-psb-parallax  alignfull' id='psbParallaxSection-7ea6f775-e'>\r\n\t\t\t<style>\r\n\t\t\t\t\r\n\t\t\t#psbParallaxSection-7ea6f775-e{\r\n\t\t\t\tmin-height: 480px;\r\n\t\t\t}\r\n\t\t\t#psbParallaxSection-7ea6f775-e .psbParallaxSection{\r\n\t\t\t\tjustify-content: flex-start;\r\n\t\t\t\ttext-align: center;\r\n\t\t\t\tmin-height: 480px;\r\n\t\t\t\tpadding: 20px 30px 20px 30px;\r\n\t\t\t}\r\n\t\t\t#psbParallaxSection-7ea6f775-e .psbParallaxImg{\r\n\t\t\t\tbackground: url(https:\/\/samysedkaoui.com\/wp-content\/uploads\/2025\/12\/Abstract_flowers_BW-scaled-e1765486416549.jpg); background-color: rgba(0, 0, 0, 0.76); background-position: top left; background-size: auto; background-repeat: no-repeat; background-attachment: initial; background-blend-mode: overlay;\r\n\t\t\t}\r\n\t\t\t\t\t<\/style>\r\n\r\n\t\t\t<div class='psbParallaxImg' data-speed='-0.3'><\/div>\r\n\r\n\t\t\t<div class='psbParallaxSection'>\r\n\t\t\t\t\n\n<div class=\"wp-block-media-text is-stacked-on-mobile\" style=\"border-style:none;border-width:0px;border-radius:20px;margin-top:0;margin-right:var(--wp--preset--spacing--30);margin-bottom:0;margin-left:var(--wp--preset--spacing--30);padding-right:var(--wp--preset--spacing--30);padding-left:var(--wp--preset--spacing--30);grid-template-columns:31% auto\"><figure class=\"wp-block-media-text__media\"><img loading=\"lazy\" decoding=\"async\" width=\"1024\" height=\"760\" src=\"https:\/\/samysedkaoui.com\/wp-content\/uploads\/2025\/08\/BW_LARGE_DSC00424-scaled-e1756501790228-1024x760.jpg\" alt=\"\" class=\"wp-image-2008 size-full\" srcset=\"https:\/\/samysedkaoui.com\/wp-content\/uploads\/2025\/08\/BW_LARGE_DSC00424-scaled-e1756501790228-1024x760.jpg 1024w, https:\/\/samysedkaoui.com\/wp-content\/uploads\/2025\/08\/BW_LARGE_DSC00424-scaled-e1756501790228-300x223.jpg 300w, https:\/\/samysedkaoui.com\/wp-content\/uploads\/2025\/08\/BW_LARGE_DSC00424-scaled-e1756501790228-768x570.jpg 768w, https:\/\/samysedkaoui.com\/wp-content\/uploads\/2025\/08\/BW_LARGE_DSC00424-scaled-e1756501790228-100x74.jpg 100w, https:\/\/samysedkaoui.com\/wp-content\/uploads\/2025\/08\/BW_LARGE_DSC00424-scaled-e1756501790228.jpg 1235w\" sizes=\"(max-width: 1024px) 100vw, 1024px\" \/><\/figure><div class=\"wp-block-media-text__content\">\n<h4 class=\"wp-block-heading has-text-align-center\" id=\"yui_3_17_2_1_1713366877433_454\" style=\"font-size:clamp(18.434px, 1.152rem + ((1vw - 3.2px) * 1.201), 29px)\"><strong>Mat\u00e9riel couramment utilis\u00e9 :<\/strong><\/h4>\n\n\n\n<p><strong>Appareil num\u00e9rique :&nbsp;<\/strong>Canon R5C \/ Blackmagic PC 6k \/ Sony FX6 &#8211; A7SIII &#8211; Fuji XT5<\/p>\n\n\n\n<p><strong>Appareil argentique :&nbsp;<\/strong>Canon AE-1, FTB-QL, Kodak Brownie, appareil photo \u00e0 soufflet, Bronica<strong>&nbsp;<\/strong>S2a, Olympus MJU 2, Bolex H16 non-reflex, Beaulieu 4008 ZM2, Bell&amp;Howell T30XL<\/p>\n\n\n\n<p><strong>Machinerie \/ Autre :&nbsp;<\/strong>DJI RONIN RS4 pro, Drone DJI, Slider motoris\u00e9, ATEM, Tricaster, Tr\u00e9pieds Sachtler \u2026<\/p>\n\n\n\n<p><strong>Logiciels<\/strong> : OBS, StreamLabs, ATEM Software Control, Adobe Premiere Pro, DaVinci Resolve, Suite Adobe (Lightroom, Photoshop, Illustrator, After Effects), Logic Pro<\/p>\n\n\n\n<p><em>Possibilit\u00e9 de louer du mat\u00e9riel afin de coller au mieux \u00e0 vos attentes !<\/em><\/p>\n<\/div><\/div>\n\n\n\n<div style=\"height:40px\" aria-hidden=\"true\" class=\"wp-block-spacer\"><\/div>\n\n\t\t\t<\/div>\r\n\t\t<\/div>\r\n\r\n\t\t\n\n\n<div class=\"wp-block-cover alignfull\" style=\"min-height:217px;aspect-ratio:unset;\"><img decoding=\"async\" width=\"1024\" height=\"990\" class=\"wp-block-cover__image-background wp-image-43 size-large\" alt=\"\" src=\"https:\/\/samysedkaoui.com\/wp-content\/uploads\/2024\/03\/000016720010-e1712666359835-1024x990.jpg\" data-object-fit=\"cover\" srcset=\"https:\/\/samysedkaoui.com\/wp-content\/uploads\/2024\/03\/000016720010-e1712666359835-1024x990.jpg 1024w, https:\/\/samysedkaoui.com\/wp-content\/uploads\/2024\/03\/000016720010-e1712666359835-300x290.jpg 300w, https:\/\/samysedkaoui.com\/wp-content\/uploads\/2024\/03\/000016720010-e1712666359835-768x742.jpg 768w, https:\/\/samysedkaoui.com\/wp-content\/uploads\/2024\/03\/000016720010-e1712666359835-1536x1484.jpg 1536w, https:\/\/samysedkaoui.com\/wp-content\/uploads\/2024\/03\/000016720010-e1712666359835-2048x1979.jpg 2048w\" sizes=\"(max-width: 1024px) 100vw, 1024px\" \/><span aria-hidden=\"true\" class=\"wp-block-cover__background has-contrast-background-color has-background-dim-60 has-background-dim\"><\/span><div class=\"wp-block-cover__inner-container has-global-padding is-layout-constrained wp-block-cover-is-layout-constrained\">\n<div style=\"height:55px\" aria-hidden=\"true\" class=\"wp-block-spacer\"><\/div>\n\n\n\n<h3 class=\"wp-block-heading alignwide has-text-align-center\" style=\"border-style:none;border-width:0px;font-size:clamp(1.743rem, 1.743rem + ((1vw - 0.2rem) * 2.285), 3rem);font-style:normal;font-weight:300\"><strong>Contact.<\/strong><\/h3>\n\n\n\n<div style=\"height:50px\" aria-hidden=\"true\" class=\"wp-block-spacer\"><\/div>\n\n\n\n<h3 class=\"wp-block-heading has-text-align-center has-source-serif-pro-font-family\" style=\"border-style:none;border-width:0px;border-radius:11px;margin-top:0;margin-right:0;margin-bottom:0;margin-left:0;padding-top:0;padding-right:0;padding-bottom:0;padding-left:0;font-size:clamp(0.929rem, 0.929rem + ((1vw - 0.2rem) * 0.856), 1.4rem);font-style:normal;font-weight:400\"><strong>samy.sedkaoui@outlook.com<\/strong><\/h3>\n\n\n\n<div style=\"height:25px\" aria-hidden=\"true\" class=\"wp-block-spacer\"><\/div>\n\n\n\n<p class=\"has-text-align-center has-medium-font-size\"><strong>Pr\u00e9sent \u00e9galement en tant que Freelance sur <em>Malt<\/em><\/strong> !<\/p>\n\n\n\n<div style=\"height:10px\" aria-hidden=\"true\" class=\"wp-block-spacer\"><\/div>\n\n\n\n<figure class=\"wp-block-image aligncenter size-full is-resized\"><a href=\"https:\/\/www.malt.fr\/profile\/samysedkaoui\"><img loading=\"lazy\" decoding=\"async\" width=\"530\" height=\"150\" src=\"https:\/\/samysedkaoui.com\/wp-content\/uploads\/2025\/12\/malt-logo-red.png\" alt=\"\" class=\"wp-image-2306\" style=\"aspect-ratio:3.5333749220212103;width:135px;height:auto\" srcset=\"https:\/\/samysedkaoui.com\/wp-content\/uploads\/2025\/12\/malt-logo-red.png 530w, https:\/\/samysedkaoui.com\/wp-content\/uploads\/2025\/12\/malt-logo-red-300x85.png 300w\" sizes=\"(max-width: 530px) 100vw, 530px\" \/><\/a><\/figure>\n\n\n\n<div style=\"height:80px\" aria-hidden=\"true\" class=\"wp-block-spacer\"><\/div>\n\n\n\n<div style=\"height:0px\" aria-hidden=\"true\" class=\"wp-block-spacer\"><\/div>\n\n\n\n<div class=\"wp-block-group has-global-padding is-layout-constrained wp-block-group-is-layout-constrained\">\n<div style=\"height:35px\" aria-hidden=\"true\" class=\"wp-block-spacer\"><\/div>\n\n\n\n<ul class=\"wp-block-social-links has-normal-icon-size has-icon-color is-style-logos-only is-horizontal is-content-justification-center is-layout-flex wp-container-core-social-links-is-layout-97223e50 wp-block-social-links-is-layout-flex\" style=\"margin-top:0;margin-right:0;margin-bottom:0;margin-left:0\"><li style=\"color:#ffffff;\" class=\"wp-social-link wp-social-link-instagram has-base-color wp-block-social-link\"><a href=\"https:\/\/www.instagram.com\/samysedkaoui\/\" class=\"wp-block-social-link-anchor\"><svg width=\"24\" height=\"24\" viewBox=\"0 0 24 24\" version=\"1.1\" xmlns=\"http:\/\/www.w3.org\/2000\/svg\" aria-hidden=\"true\" focusable=\"false\"><path d=\"M12,4.622c2.403,0,2.688,0.009,3.637,0.052c0.877,0.04,1.354,0.187,1.671,0.31c0.42,0.163,0.72,0.358,1.035,0.673 c0.315,0.315,0.51,0.615,0.673,1.035c0.123,0.317,0.27,0.794,0.31,1.671c0.043,0.949,0.052,1.234,0.052,3.637 s-0.009,2.688-0.052,3.637c-0.04,0.877-0.187,1.354-0.31,1.671c-0.163,0.42-0.358,0.72-0.673,1.035 c-0.315,0.315-0.615,0.51-1.035,0.673c-0.317,0.123-0.794,0.27-1.671,0.31c-0.949,0.043-1.233,0.052-3.637,0.052 s-2.688-0.009-3.637-0.052c-0.877-0.04-1.354-0.187-1.671-0.31c-0.42-0.163-0.72-0.358-1.035-0.673 c-0.315-0.315-0.51-0.615-0.673-1.035c-0.123-0.317-0.27-0.794-0.31-1.671C4.631,14.688,4.622,14.403,4.622,12 s0.009-2.688,0.052-3.637c0.04-0.877,0.187-1.354,0.31-1.671c0.163-0.42,0.358-0.72,0.673-1.035 c0.315-0.315,0.615-0.51,1.035-0.673c0.317-0.123,0.794-0.27,1.671-0.31C9.312,4.631,9.597,4.622,12,4.622 M12,3 C9.556,3,9.249,3.01,8.289,3.054C7.331,3.098,6.677,3.25,6.105,3.472C5.513,3.702,5.011,4.01,4.511,4.511 c-0.5,0.5-0.808,1.002-1.038,1.594C3.25,6.677,3.098,7.331,3.054,8.289C3.01,9.249,3,9.556,3,12c0,2.444,0.01,2.751,0.054,3.711 c0.044,0.958,0.196,1.612,0.418,2.185c0.23,0.592,0.538,1.094,1.038,1.594c0.5,0.5,1.002,0.808,1.594,1.038 c0.572,0.222,1.227,0.375,2.185,0.418C9.249,20.99,9.556,21,12,21s2.751-0.01,3.711-0.054c0.958-0.044,1.612-0.196,2.185-0.418 c0.592-0.23,1.094-0.538,1.594-1.038c0.5-0.5,0.808-1.002,1.038-1.594c0.222-0.572,0.375-1.227,0.418-2.185 C20.99,14.751,21,14.444,21,12s-0.01-2.751-0.054-3.711c-0.044-0.958-0.196-1.612-0.418-2.185c-0.23-0.592-0.538-1.094-1.038-1.594 c-0.5-0.5-1.002-0.808-1.594-1.038c-0.572-0.222-1.227-0.375-2.185-0.418C14.751,3.01,14.444,3,12,3L12,3z M12,7.378 c-2.552,0-4.622,2.069-4.622,4.622S9.448,16.622,12,16.622s4.622-2.069,4.622-4.622S14.552,7.378,12,7.378z M12,15 c-1.657,0-3-1.343-3-3s1.343-3,3-3s3,1.343,3,3S13.657,15,12,15z M16.804,6.116c-0.596,0-1.08,0.484-1.08,1.08 s0.484,1.08,1.08,1.08c0.596,0,1.08-0.484,1.08-1.08S17.401,6.116,16.804,6.116z\"><\/path><\/svg><span class=\"wp-block-social-link-label screen-reader-text\">Instagram<\/span><\/a><\/li>\n\n<li style=\"color:#ffffff;\" class=\"wp-social-link wp-social-link-tiktok has-base-color wp-block-social-link\"><a href=\"https:\/\/www.tiktok.com\/@_oldsam\" class=\"wp-block-social-link-anchor\"><svg width=\"24\" height=\"24\" viewBox=\"0 0 32 32\" version=\"1.1\" xmlns=\"http:\/\/www.w3.org\/2000\/svg\" aria-hidden=\"true\" focusable=\"false\"><path d=\"M16.708 0.027c1.745-0.027 3.48-0.011 5.213-0.027 0.105 2.041 0.839 4.12 2.333 5.563 1.491 1.479 3.6 2.156 5.652 2.385v5.369c-1.923-0.063-3.855-0.463-5.6-1.291-0.76-0.344-1.468-0.787-2.161-1.24-0.009 3.896 0.016 7.787-0.025 11.667-0.104 1.864-0.719 3.719-1.803 5.255-1.744 2.557-4.771 4.224-7.88 4.276-1.907 0.109-3.812-0.411-5.437-1.369-2.693-1.588-4.588-4.495-4.864-7.615-0.032-0.667-0.043-1.333-0.016-1.984 0.24-2.537 1.495-4.964 3.443-6.615 2.208-1.923 5.301-2.839 8.197-2.297 0.027 1.975-0.052 3.948-0.052 5.923-1.323-0.428-2.869-0.308-4.025 0.495-0.844 0.547-1.485 1.385-1.819 2.333-0.276 0.676-0.197 1.427-0.181 2.145 0.317 2.188 2.421 4.027 4.667 3.828 1.489-0.016 2.916-0.88 3.692-2.145 0.251-0.443 0.532-0.896 0.547-1.417 0.131-2.385 0.079-4.76 0.095-7.145 0.011-5.375-0.016-10.735 0.025-16.093z\" \/><\/svg><span class=\"wp-block-social-link-label screen-reader-text\">TikTok<\/span><\/a><\/li>\n\n<li style=\"color:#ffffff;\" class=\"wp-social-link wp-social-link-linkedin has-base-color wp-block-social-link\"><a href=\"https:\/\/www.linkedin.com\/in\/samy-sedkaoui-375502214\/\" class=\"wp-block-social-link-anchor\"><svg width=\"24\" height=\"24\" viewBox=\"0 0 24 24\" version=\"1.1\" xmlns=\"http:\/\/www.w3.org\/2000\/svg\" aria-hidden=\"true\" focusable=\"false\"><path d=\"M19.7,3H4.3C3.582,3,3,3.582,3,4.3v15.4C3,20.418,3.582,21,4.3,21h15.4c0.718,0,1.3-0.582,1.3-1.3V4.3 C21,3.582,20.418,3,19.7,3z M8.339,18.338H5.667v-8.59h2.672V18.338z M7.004,8.574c-0.857,0-1.549-0.694-1.549-1.548 c0-0.855,0.691-1.548,1.549-1.548c0.854,0,1.547,0.694,1.547,1.548C8.551,7.881,7.858,8.574,7.004,8.574z M18.339,18.338h-2.669 v-4.177c0-0.996-0.017-2.278-1.387-2.278c-1.389,0-1.601,1.086-1.601,2.206v4.249h-2.667v-8.59h2.559v1.174h0.037 c0.356-0.675,1.227-1.387,2.526-1.387c2.703,0,3.203,1.779,3.203,4.092V18.338z\"><\/path><\/svg><span class=\"wp-block-social-link-label screen-reader-text\">LinkedIn<\/span><\/a><\/li>\n\n<li style=\"color:#ffffff;\" class=\"wp-social-link wp-social-link-youtube has-base-color wp-block-social-link\"><a href=\"https:\/\/www.youtube.com\/channel\/UCRQzeobc63enFTachSdh1tA\" class=\"wp-block-social-link-anchor\"><svg width=\"24\" height=\"24\" viewBox=\"0 0 24 24\" version=\"1.1\" xmlns=\"http:\/\/www.w3.org\/2000\/svg\" aria-hidden=\"true\" focusable=\"false\"><path d=\"M21.8,8.001c0,0-0.195-1.378-0.795-1.985c-0.76-0.797-1.613-0.801-2.004-0.847c-2.799-0.202-6.997-0.202-6.997-0.202 h-0.009c0,0-4.198,0-6.997,0.202C4.608,5.216,3.756,5.22,2.995,6.016C2.395,6.623,2.2,8.001,2.2,8.001S2,9.62,2,11.238v1.517 c0,1.618,0.2,3.237,0.2,3.237s0.195,1.378,0.795,1.985c0.761,0.797,1.76,0.771,2.205,0.855c1.6,0.153,6.8,0.201,6.8,0.201 s4.203-0.006,7.001-0.209c0.391-0.047,1.243-0.051,2.004-0.847c0.6-0.607,0.795-1.985,0.795-1.985s0.2-1.618,0.2-3.237v-1.517 C22,9.62,21.8,8.001,21.8,8.001z M9.935,14.594l-0.001-5.62l5.404,2.82L9.935,14.594z\"><\/path><\/svg><span class=\"wp-block-social-link-label screen-reader-text\">YouTube<\/span><\/a><\/li>\n\n<li style=\"color:#ffffff;\" class=\"wp-social-link wp-social-link-chain has-base-color wp-block-social-link\"><a href=\"https:\/\/www.malt.fr\/profile\/samysedkaoui\" class=\"wp-block-social-link-anchor\"><svg width=\"24\" height=\"24\" viewBox=\"0 0 24 24\" version=\"1.1\" xmlns=\"http:\/\/www.w3.org\/2000\/svg\" aria-hidden=\"true\" focusable=\"false\"><path d=\"M15.6,7.2H14v1.5h1.6c2,0,3.7,1.7,3.7,3.7s-1.7,3.7-3.7,3.7H14v1.5h1.6c2.8,0,5.2-2.3,5.2-5.2,0-2.9-2.3-5.2-5.2-5.2zM4.7,12.4c0-2,1.7-3.7,3.7-3.7H10V7.2H8.4c-2.9,0-5.2,2.3-5.2,5.2,0,2.9,2.3,5.2,5.2,5.2H10v-1.5H8.4c-2,0-3.7-1.7-3.7-3.7zm4.6.9h5.3v-1.5H9.3v1.5z\"><\/path><\/svg><span class=\"wp-block-social-link-label screen-reader-text\">Malt<\/span><\/a><\/li>\n\n<li style=\"color:#ffffff;\" class=\"wp-social-link wp-social-link-mail has-base-color wp-block-social-link\"><a href=\"mailto:s&#097;&#109;&#121;.&#115;edkao&#117;i&#064;ou&#116;lo&#111;k.co&#109;\" class=\"wp-block-social-link-anchor\"><svg width=\"24\" height=\"24\" viewBox=\"0 0 24 24\" version=\"1.1\" xmlns=\"http:\/\/www.w3.org\/2000\/svg\" aria-hidden=\"true\" focusable=\"false\"><path d=\"M19,5H5c-1.1,0-2,.9-2,2v10c0,1.1.9,2,2,2h14c1.1,0,2-.9,2-2V7c0-1.1-.9-2-2-2zm.5,12c0,.3-.2.5-.5.5H5c-.3,0-.5-.2-.5-.5V9.8l7.5,5.6,7.5-5.6V17zm0-9.1L12,13.6,4.5,7.9V7c0-.3.2-.5.5-.5h14c.3,0,.5.2.5.5v.9z\"><\/path><\/svg><span class=\"wp-block-social-link-label screen-reader-text\">E-mail<\/span><\/a><\/li><\/ul>\n\n\n\n<div style=\"height:60px\" aria-hidden=\"true\" class=\"wp-block-spacer\"><\/div>\n\n\n<nav class=\"items-justified-center wp-block-navigation is-horizontal is-content-justification-center is-layout-flex wp-container-core-navigation-is-layout-e0510de6 wp-block-navigation-is-layout-flex\" aria-label=\"Navigation 2\"><ul class=\"wp-block-navigation__container items-justified-center wp-block-navigation\"><li style=\"font-style:normal;font-weight:700;\" class=\" wp-block-navigation-item wp-block-navigation-link has-medium-font-size has-oldport-script-font-family\"><a class=\"wp-block-navigation-item__content\"  href=\"https:\/\/samysedkaoui.com\/\"><span class=\"wp-block-navigation-item__label\">Home<\/span><\/a><\/li><li style=\"font-style:normal;font-weight:600;\" class=\" wp-block-navigation-item wp-block-navigation-link has-medium-font-size has-heading-font-family\"><a class=\"wp-block-navigation-item__content\"  href=\"https:\/\/samysedkaoui.com\/?page_id=182\"><span class=\"wp-block-navigation-item__label\">Videos<\/span><\/a><\/li><li style=\"font-style:normal;font-weight:600;\" class=\" wp-block-navigation-item wp-block-navigation-link has-medium-font-size has-heading-font-family\"><a class=\"wp-block-navigation-item__content\"  href=\"https:\/\/samysedkaoui.com\/?page_id=178\"><span class=\"wp-block-navigation-item__label\">Gallery<\/span><\/a><\/li><li style=\"font-style:normal;font-weight:600;\" class=\" wp-block-navigation-item wp-block-navigation-link has-medium-font-size has-heading-font-family\"><a class=\"wp-block-navigation-item__content\"  href=\"https:\/\/samysedkaoui.com\/?page_id=186\"><span class=\"wp-block-navigation-item__label\">About<\/span><\/a><\/li><\/ul><\/nav>\n\n\n<div style=\"height:60px\" aria-hidden=\"true\" class=\"wp-block-spacer\"><\/div>\n<\/div>\n\n\n\n<div style=\"height:35px\" aria-hidden=\"true\" class=\"wp-block-spacer\"><\/div>\n<\/div><\/div>\n","protected":false},"excerpt":{"rendered":"","protected":false},"author":1,"featured_media":2008,"parent":0,"menu_order":0,"comment_status":"closed","ping_status":"closed","template":"modele-personnalise-2","meta":{"om_disable_all_campaigns":false,"footnotes":""},"class_list":["post-186","page","type-page","status-publish","has-post-thumbnail","hentry"],"_links":{"self":[{"href":"https:\/\/samysedkaoui.com\/index.php?rest_route=\/wp\/v2\/pages\/186","targetHints":{"allow":["GET"]}}],"collection":[{"href":"https:\/\/samysedkaoui.com\/index.php?rest_route=\/wp\/v2\/pages"}],"about":[{"href":"https:\/\/samysedkaoui.com\/index.php?rest_route=\/wp\/v2\/types\/page"}],"author":[{"embeddable":true,"href":"https:\/\/samysedkaoui.com\/index.php?rest_route=\/wp\/v2\/users\/1"}],"replies":[{"embeddable":true,"href":"https:\/\/samysedkaoui.com\/index.php?rest_route=%2Fwp%2Fv2%2Fcomments&post=186"}],"version-history":[{"count":150,"href":"https:\/\/samysedkaoui.com\/index.php?rest_route=\/wp\/v2\/pages\/186\/revisions"}],"predecessor-version":[{"id":2621,"href":"https:\/\/samysedkaoui.com\/index.php?rest_route=\/wp\/v2\/pages\/186\/revisions\/2621"}],"wp:featuredmedia":[{"embeddable":true,"href":"https:\/\/samysedkaoui.com\/index.php?rest_route=\/wp\/v2\/media\/2008"}],"wp:attachment":[{"href":"https:\/\/samysedkaoui.com\/index.php?rest_route=%2Fwp%2Fv2%2Fmedia&parent=186"}],"curies":[{"name":"wp","href":"https:\/\/api.w.org\/{rel}","templated":true}]}}